7. Let w be r(13). Let x = -19 - w. Calculate the highest common factor of x and 5.
5
Suppose 0 = -5*a + 217 + 258. Suppose -20*q + 32 = -348. Calculate the greatest common factor of q and a.
19
Let t = -135 + 138. Suppose -4 = l + 4*r - 3, -t*r = 2*l - 13. Calculate the highest common divisor of l and 132.
11
Suppose w - 37 - 24 = -3*c, -3*c + 3*w = -45. What is the highest common divisor of c and 1691?
19
Let f = 329 + -30. What is the highest common factor of 26 and f?
13
Suppose -4*i = 49*i - 2650. What is the highest common factor of i and 500?
50
Let k be (-2)/(-3)*-3*-1. Let r be 3 - (k - 3)*7. Suppose -5*p = -6*p + r. Calculate the greatest common divisor of 10 and p.
10
Suppose 7*v - 210 = 2*v. Calculate the highest common divisor of 392 and v.
14
Let b = -2 + 5. Let g = 13 + b. Let p be (-24)/14 - 7200/(-280). Calculate the greatest common divisor of p and g.
8
Let j be (12/(-8))/((-3)/52). Calculate the highest common divisor of 6 and j.
2
Suppose -810 = -40*q + 37*q. Suppose -p - q = -4*p. Calculate the highest common divisor of 135 and p.
45
Let q(c) = 21*c + 3. Let n be q(6). Let b be 2*(n/10 + 2/(-5)). Calculate the highest common divisor of 100 and b.
25
Suppose -500 = 11*y - 11225. Calculate the greatest common divisor of y and 39.
39
Let d be -22*(4*-1)/8. Let q(t) = t. Let h(g) = -11*g - 2. Let n(u) = h(u) + 4*q(u). Let i be n(-5). What is the greatest common factor of i and d?
11
Suppose 27 = -2*s - 4*x + 67, -5*s + 5*x + 55 = 0. Let j(b) = -b**2 + 6*b - 10. Let q be j(6). Let r = s + q. Calculate the greatest common factor of 1 and r.
1
Suppose -12 + 4 = -4*h + 4*k, 2*k = -5*h + 45. Let d = h - 3. Suppose -64 - 43 = -x - d*g, -g = x - 116. What is the highest common factor of x and 17?
17
Let l(p) = p**3 + 4*p**2 + 4. Let x be l(-5). Let z be x*((-3)/(-9) + -1). What is the highest common divisor of z and 21?
7
Suppose -11*r = -13405 + 1679. Calculate the highest common divisor of 26 and r.
26
Let f(u) = 2*u**2 + 4*u + 8. Let t = -74 + 47. Let g = t + 23. Let a be f(g). What is the greatest common factor of a and 12?
12
Suppose -2*x = 0, -9*t - 948 = -11*t - 3*x. What is the greatest common divisor of 18 and t?
6
Suppose -423 = -4*c + 5*m + 487, 5*c - 4*m = 1142. Let z(u) = 2*u - 4. Let w be z(4). Let p = 19 + w. Calculate the highest common factor of c and p.
23
Let v = -14 + 26. Suppose 0 = -2*z + 113 - 613. Let b be (-4)/(-14) + z/(-7). What is the greatest common divisor of b and v?
12
Let p(a) = -5*a - 16. Let j = -4 + 8. Suppose -18 = 2*r - j. Let x be p(r). What is the highest common divisor of 209 and x?
19
Suppose -12273 - 8559 = -28*n. Calculate the greatest common factor of 24 and n.
24
Suppose 47*z + 60 = 52*z. Suppose 5*c = 3*n + n + 74, 3*c = -2*n + 62. Calculate the highest common divisor of z and c.
6
Suppose 0 = -2*g - v - v + 240, 5*v - 15 = 0. Calculate the highest common divisor of g and 39.
39
Suppose 0 = -2*c + 1 - 5, 5302 = 2*y - c. What is the highest common factor of 106 and y?
106
Let m = -42 + 103. Let i = m + 17. What is the highest common factor of i and 26?
26
Let b = 89 + -58. Suppose 10 = -b*h + 36*h. What is the highest common factor of h and 2?
2
Let l(k) = 3*k - 21. Let t be l(7). Let m(v) = -4*v**2 - v + 304. Let d be m(t). Calculate the greatest common factor of d and 38.
38
Suppose 5*i - 15 = 0, 4*r - 3*i + 12 - 27 = 0. Let m be 30*((-20)/(-8))/5. What is the highest common factor of r and m?
3
Suppose 0 = -3*j - 1 + 4. Suppose w = -0*r + r - j, -12 = -4*r. What is the greatest common divisor of 1 and w?
1
Suppose 1 + 5 = 3*v. Let t be (-9)/(36/(-40))*v. What is the greatest common divisor of t and 20?
20
Let h(b) = -b**3 + 2*b**2 + 1. Let q be (-360)/(-63) - (-4)/14. Let s = q - 8. Let d be h(s). What is the greatest common divisor of d and 187?
17
Suppose -57 = -2*v - v - 4*l, -3*v = -3*l - 36. Let g(h) = 0 - 7*h - 6 + 0*h**3 - h**3 - 5*h**2. Let k be g(-4). What is the highest common divisor of v and k?
3
Let v = 205 - 115. Let h(l) = -l**3 - 30*l**2 - 17*l + 358. Let f be h(-29). Calculate the highest common factor of v and f.
10
Suppose -18 - 14 = -2*h. Let z be (104/h - 4/2)*4. What is the greatest common divisor of 18 and z?
18
Suppose 4*y - 78 = 2*y. Calculate the highest common divisor of y and 663.
39
Let f be (-5)/((-135)/(-12))*-18. What is the highest common factor of 392 and f?
8
Suppose -8 = -3*m + 22. Suppose -m*q - 8 = -12*q. Calculate the highest common factor of q and 5.
1
Let z be 2 + (-38)/1*-1. Let x(c) = -4*c + 22. Let p be x(6). Let n be 5 + (6/p - -6). What is the highest common factor of n and z?
8
Suppose -9*c - 88 + 385 = 0. Calculate the greatest common factor of 44 and c.
11
Suppose 10 = -q - 5*n + 206, -2*q + 360 = 2*n. Calculate the greatest common divisor of 22 and q.
22
Suppose 2 + 26 = -4*a. Let l = 8 - a. Let x = l + 21. Calculate the greatest common divisor of x and 4.
4
Suppose -38*z + 39*z - 74 = 0. Calculate the greatest common factor of z and 296.
74
Suppose 0 = 5*o + 89*c - 84*c - 380, 2*c + 238 = 3*o. Calculate the greatest common factor of o and 780.
78
Let c(y) = -y + 31. Let k be c(29). Let p(o) = 20*o - 19. Let a be p(k). What is the highest common factor of a and 147?
21
Suppose 3*h = 5*q + 911 - 140, 0 = h - 4*q - 257. Suppose 15 - h = -2*p. What is the highest common divisor of 11 and p?
11
Let n = -509 - -662. Let c be (3 + -2)*(-3 + 20). What is the greatest common factor of n and c?
17
Let z = -61 - -125. Suppose -3*h = 5*w - 164, -3*h + w = -0*w - 140. What is the highest common divisor of z and h?
16
Let w be (-66)/15*(-105)/12*24. What is the greatest common divisor of w and 84?
84
Suppose 20*r - 184 = 296. Suppose -t = -5*t, 3*p - 4*t - 12 = 0. Calculate the greatest common divisor of p and r.
4
Let y be (1/2)/((-8)/(-3696)). Let j(i) = 4*i**2 - 14*i - 45. Let o be j(-3). Calculate the greatest common divisor of o and y.
33
Let o = 25 + -9. Let h = 50 + -26. Calculate the highest common divisor of h and o.
8
Suppose 7*x - 31*x = 11*x - 4025. Suppose 2*j = 22 + 24. Calculate the greatest common divisor of j and x.
23
Let a be 0 + 3 + (-8 - (4 + -2)). Let h = a - -89. Calculate the highest common divisor of 41 and h.
41
Let y be (-2)/4*1*-2. Let o be (3/(-6))/(y/(-34)). Suppose -3*z + 226 = -o. Calculate the greatest common factor of z and 54.
27
Let d(s) = -2*s**2 - 10*s + 1. Let i be d(-5). What is the highest common factor of 16 and i?
1
Let v be ((-3)/3)/((-5)/10). Suppose v*u - 40 = 4*l - 310, -258 = -4*l - 2*u. What is the greatest common factor of 33 and l?
33
Let w be 4/(-8)*(2 - 42). Suppose 2*k + w = 4*d, 7*k + 20 = 3*k + 4*d. Let y be 205 + 3 + (1 - k). Calculate the greatest common divisor of y and 19.
19
Let h be ((-4)/(-12)*3)/((-6)/(-630)). What is the greatest common divisor of h and 15?
15
Suppose 10 = 2*c - 3*x, -x - 14 = 5*c - 73. Suppose -7*h - 31 = -1263. Calculate the highest common factor of h and c.
11
Let c be (-3)/(-6) - (-2493)/6. What is the greatest common factor of c and 52?
52
Let f(s) = -21*s + 422. Let w be f(17). Calculate the greatest common divisor of 2080 and w.
65
Suppose -14*x = -5*x - 18. Let s = 3 - -3. Let f = 4 + s. What is the highest common factor of x and f?
2
Let j = 23 - 7. Suppose 13*c + 48 = 16*c. What is the highest common factor of c and j?
16
Suppose 0*w - w - 2 = 0, 0 = 4*z + 5*w - 286. Let r = z - -6. Calculate the highest common divisor of 16 and r.
16
Suppose 4*t - 12 = u, -2 + 14 = 4*t. Let y be 1/(u/(-1) + 1) + 5. Calculate the greatest common divisor of y and 24.
6
Suppose -2*p = -5 - 95. Calculate the greatest common factor of p and 25.
25
Let r = 24 - -33. What is the greatest common factor of 171 and r?
57
Suppose 15*u - 28938 = -24*u. Calculate the greatest common divisor of 14 and u.
14
Let q(m) = 42*m**2 - 3*m + 5. Let x be q(1). Suppose 72 = j + x. What is the highest common divisor of 252 and j?
28
Let d be 1/((((-4)/(-3))/(-2))/(-2)). Suppose -d*q - u + 22 = -3*u, -3*q + 26 = 2*u. What is the highest common factor of q and 16?
8
Let y be (-4)/(-1 - (-6)/2). Suppose -20 - 7 = -3*m. Let a = y + m. What is the greatest common divisor of a and 56?
7
Let a(c) = 3*c + 28. Let d be a(4). Suppose -31*g + d*g = 180. Calculate the highest common divisor of 220 and g.
2